{"id":3626,"date":"2024-06-27T22:19:11","date_gmt":"2024-06-27T22:19:11","guid":{"rendered":"https:\/\/norteembalagens.com.br\/peixoto\/?post_type=product&#038;p=3626"},"modified":"2024-07-13T02:49:11","modified_gmt":"2024-07-13T02:49:11","slug":"kit-pote-250-c-25-un-orleplast","status":"publish","type":"product","link":"https:\/\/norteembalagens.com.br\/peixoto\/produto\/kit-pote-250-c-25-un-orleplast\/","title":{"rendered":"KIT POTE 250 C\/ 25 UN ORLEPLAST"},"content":{"rendered":"","protected":false},"excerpt":{"rendered":"<p>Otimize o armazenamento das suas refei\u00e7\u00f5es com o Kit Pote com Tampa Redondo Cristalcopo 250ml! Esse conjunto cont\u00e9m 25 unidades desses potes pr\u00e1ticos e vers\u00e1teis, ideais para acondicionar por\u00e7\u00f5es individuais de alimentos com praticidade e seguran\u00e7a.<\/p>\n<p>Cada pote possui capacidade para 250ml, tornando-os perfeitos para armazenar refei\u00e7\u00f5es, saladas, sopas, sobremesas, lanches e muito mais.<\/p>\n<p>O design redondo dos potes permite um encaixe perfeito, otimizando o espa\u00e7o na geladeira, freezer ou mesmo na bolsa t\u00e9rmica, tornando-os ideais para levar suas refei\u00e7\u00f5es para o trabalho, escola ou viagens.<\/p>\n<p>As tampas seguras e bem ajustadas garantem que seus alimentos permane\u00e7am frescos e bem conservados por mais tempo, evitando vazamentos e derramamentos.<\/p>\n<p>Fabricados em material de alta qualidade, os potes com tampa redondo Cristalcopo oferecem resist\u00eancia e durabilidade, proporcionando uma solu\u00e7\u00e3o confi\u00e1vel para o armazenamento seguro de suas refei\u00e7\u00f5es.<\/p>\n<p>Seja voc\u00ea um profissional da gastronomia, algu\u00e9m que gosta de se organizar ou precisa de praticidade no dia a dia, o Kit Pote com Tampa Redondo Cristalcopo 250ml \u00e9 a escolha perfeita para manter suas refei\u00e7\u00f5es frescas e bem organizadas. Adquira j\u00e1 o seu kit e descubra como ele pode tornar sua rotina alimentar mais pr\u00e1tica e eficiente!<\/p>\n","protected":false},"featured_media":3629,"comment_status":"open","ping_status":"closed","template":"","meta":{"inline_featured_image":false,"_monsterinsights_skip_tracking":false,"_monsterinsights_sitenote_active":false,"_monsterinsights_sitenote_note":"","_monsterinsights_sitenote_category":0},"product_cat":[15,222,214],"product_tag":[],"class_list":{"0":"post-3626","1":"product","2":"type-product","3":"status-publish","4":"has-post-thumbnail","6":"product_cat-embalagem","7":"product_cat-descartaveis","8":"product_cat-sorveteria","10":"first","11":"outofstock","12":"shipping-taxable","13":"product-type-variable"},"aioseo_notices":[],"_links":{"self":[{"href":"https:\/\/norteembalagens.com.br\/peixoto\/wp-json\/wp\/v2\/product\/3626","targetHints":{"allow":["GET"]}}],"collection":[{"href":"https:\/\/norteembalagens.com.br\/peixoto\/wp-json\/wp\/v2\/product"}],"about":[{"href":"https:\/\/norteembalagens.com.br\/peixoto\/wp-json\/wp\/v2\/types\/product"}],"replies":[{"embeddable":true,"href":"https:\/\/norteembalagens.com.br\/peixoto\/wp-json\/wp\/v2\/comments?post=3626"}],"wp:featuredmedia":[{"embeddable":true,"href":"https:\/\/norteembalagens.com.br\/peixoto\/wp-json\/wp\/v2\/media\/3629"}],"wp:attachment":[{"href":"https:\/\/norteembalagens.com.br\/peixoto\/wp-json\/wp\/v2\/media?parent=3626"}],"wp:term":[{"taxonomy":"product_cat","embeddable":true,"href":"https:\/\/norteembalagens.com.br\/peixoto\/wp-json\/wp\/v2\/product_cat?post=3626"},{"taxonomy":"product_tag","embeddable":true,"href":"https:\/\/norteembalagens.com.br\/peixoto\/wp-json\/wp\/v2\/product_tag?post=3626"}],"curies":[{"name":"wp","href":"https:\/\/api.w.org\/{rel}","templated":true}]}}