{"id":3287,"date":"2024-06-26T18:17:15","date_gmt":"2024-06-26T18:17:15","guid":{"rendered":"https:\/\/norteembalagens.com.br\/peixoto\/?post_type=product&#038;p=3287"},"modified":"2024-07-13T14:53:04","modified_gmt":"2024-07-13T14:53:04","slug":"assadeira-retangular-alta-04","status":"publish","type":"product","link":"https:\/\/norteembalagens.com.br\/peixoto\/produto\/assadeira-retangular-alta-04\/","title":{"rendered":"ASSADEIRA RETANGULAR ALTA 04"},"content":{"rendered":"<p>Especifica\u00e7\u00f5es:<br \/>\nMaterial: Alum\u00ednio<br \/>\nAltura (cm): 7,00<br \/>\nLargura\/Di\u00e2metro (cm): 32,00<br \/>\nComprimento (cm): 45,00<br \/>\nEspessura (mm): 1,00<br \/>\nCapacidade (L): 7,70<br \/>\nPeso (Kg): 0,640<\/p>\n","protected":false},"excerpt":{"rendered":"<p>Que tal preparar deliciosas receitas com a Assadeira Retangular alta. desenvolvida com alum\u00ednio refor\u00e7ado de alto padr\u00e3o de qualidade Eirilar, garante r\u00e1pido aquecimento, durabilidade e seguran\u00e7a no manuseio. Sua melhor op\u00e7\u00e3o para o preparo de bolos, tortas e assados.<\/p>\n","protected":false},"featured_media":3288,"comment_status":"open","ping_status":"closed","template":"","meta":{"inline_featured_image":false,"_monsterinsights_skip_tracking":false,"_monsterinsights_sitenote_active":false,"_monsterinsights_sitenote_note":"","_monsterinsights_sitenote_category":0},"product_cat":[213],"product_tag":[],"class_list":{"0":"post-3287","1":"product","2":"type-product","3":"status-publish","4":"has-post-thumbnail","6":"product_cat-confeitaria","8":"first","9":"outofstock","10":"shipping-taxable","11":"product-type-variable"},"aioseo_notices":[],"_links":{"self":[{"href":"https:\/\/norteembalagens.com.br\/peixoto\/wp-json\/wp\/v2\/product\/3287","targetHints":{"allow":["GET"]}}],"collection":[{"href":"https:\/\/norteembalagens.com.br\/peixoto\/wp-json\/wp\/v2\/product"}],"about":[{"href":"https:\/\/norteembalagens.com.br\/peixoto\/wp-json\/wp\/v2\/types\/product"}],"replies":[{"embeddable":true,"href":"https:\/\/norteembalagens.com.br\/peixoto\/wp-json\/wp\/v2\/comments?post=3287"}],"wp:featuredmedia":[{"embeddable":true,"href":"https:\/\/norteembalagens.com.br\/peixoto\/wp-json\/wp\/v2\/media\/3288"}],"wp:attachment":[{"href":"https:\/\/norteembalagens.com.br\/peixoto\/wp-json\/wp\/v2\/media?parent=3287"}],"wp:term":[{"taxonomy":"product_cat","embeddable":true,"href":"https:\/\/norteembalagens.com.br\/peixoto\/wp-json\/wp\/v2\/product_cat?post=3287"},{"taxonomy":"product_tag","embeddable":true,"href":"https:\/\/norteembalagens.com.br\/peixoto\/wp-json\/wp\/v2\/product_tag?post=3287"}],"curies":[{"name":"wp","href":"https:\/\/api.w.org\/{rel}","templated":true}]}}