{"id":2862,"date":"2024-06-24T14:18:41","date_gmt":"2024-06-24T14:18:41","guid":{"rendered":"https:\/\/norteembalagens.com.br\/peixoto\/?post_type=product&#038;p=2862"},"modified":"2024-07-13T14:25:54","modified_gmt":"2024-07-13T14:25:54","slug":"garfo-inox-cabo-madeira-6-pcs","status":"publish","type":"product","link":"https:\/\/norteembalagens.com.br\/peixoto\/produto\/garfo-inox-cabo-madeira-6-pcs\/","title":{"rendered":"GARFO INOX CABO MADEIRA 6 PCS"},"content":{"rendered":"","protected":false},"excerpt":{"rendered":"<p>O conjunto de pe\u00e7as aonde voc\u00ea pode ter 6 Garfos de a\u00e7o inox com cabo de madeira oferecem mais resist\u00eancia e leveza no manuseio o talher \u00e9 produzido com l\u00e2mina em a\u00e7o inox proporcionando maior durabilidade ao item, resist\u00eancia e efici\u00eancia. Antes da primeira utiliza\u00e7\u00e3o, lave bem a pe\u00e7a e seque-a, para maior durabilidade do produto recomenda-se secar bem antes de guardar mesmo ap\u00f3s lavagem em m\u00e1quina.<\/p>\n","protected":false},"featured_media":2863,"comment_status":"open","ping_status":"closed","template":"","meta":{"inline_featured_image":false,"_monsterinsights_skip_tracking":false,"_monsterinsights_sitenote_active":false,"_monsterinsights_sitenote_note":"","_monsterinsights_sitenote_category":0},"product_cat":[211],"product_tag":[],"class_list":{"0":"post-2862","1":"product","2":"type-product","3":"status-publish","4":"has-post-thumbnail","6":"product_cat-utilidades","8":"first","9":"outofstock","10":"shipping-taxable","11":"purchasable","12":"product-type-variable"},"aioseo_notices":[],"_links":{"self":[{"href":"https:\/\/norteembalagens.com.br\/peixoto\/wp-json\/wp\/v2\/product\/2862","targetHints":{"allow":["GET"]}}],"collection":[{"href":"https:\/\/norteembalagens.com.br\/peixoto\/wp-json\/wp\/v2\/product"}],"about":[{"href":"https:\/\/norteembalagens.com.br\/peixoto\/wp-json\/wp\/v2\/types\/product"}],"replies":[{"embeddable":true,"href":"https:\/\/norteembalagens.com.br\/peixoto\/wp-json\/wp\/v2\/comments?post=2862"}],"wp:featuredmedia":[{"embeddable":true,"href":"https:\/\/norteembalagens.com.br\/peixoto\/wp-json\/wp\/v2\/media\/2863"}],"wp:attachment":[{"href":"https:\/\/norteembalagens.com.br\/peixoto\/wp-json\/wp\/v2\/media?parent=2862"}],"wp:term":[{"taxonomy":"product_cat","embeddable":true,"href":"https:\/\/norteembalagens.com.br\/peixoto\/wp-json\/wp\/v2\/product_cat?post=2862"},{"taxonomy":"product_tag","embeddable":true,"href":"https:\/\/norteembalagens.com.br\/peixoto\/wp-json\/wp\/v2\/product_tag?post=2862"}],"curies":[{"name":"wp","href":"https:\/\/api.w.org\/{rel}","templated":true}]}}