{"id":2629,"date":"2024-06-23T14:48:22","date_gmt":"2024-06-23T14:48:22","guid":{"rendered":"https:\/\/norteembalagens.com.br\/peixoto\/?post_type=product&#038;p=2629"},"modified":"2024-07-13T15:05:58","modified_gmt":"2024-07-13T15:05:58","slug":"pincel-atomico-bic-preto-recarregavel","status":"publish","type":"product","link":"https:\/\/norteembalagens.com.br\/peixoto\/produto\/pincel-atomico-bic-preto-recarregavel\/","title":{"rendered":"PINCEL ATOMICO BIC PRETO RECARREGAVEL"},"content":{"rendered":"","protected":false},"excerpt":{"rendered":"<p>A Bic oferece excelentes produtos para acompanhar o volta \u00e1s aulas com excel\u00eancia e lideran\u00e7a.<\/p>\n<p>Especifica\u00e7\u00f5es<br \/>\n&#8211; Pincel marcador permanente<br \/>\n&#8211; Mais resistente<br \/>\n&#8211; Escrita de tra\u00e7o fino e grosso<br \/>\n&#8211; Ponta chanfrada<br \/>\n&#8211; Recarreg\u00e1vel<br \/>\n&#8211; Secagem r\u00e1pida<br \/>\n&#8211; Embalagem: Cont\u00e9m 1 unidade<\/p>\n","protected":false},"featured_media":2630,"comment_status":"open","ping_status":"closed","template":"","meta":{"inline_featured_image":false,"_monsterinsights_skip_tracking":false,"_monsterinsights_sitenote_active":false,"_monsterinsights_sitenote_note":"","_monsterinsights_sitenote_category":0},"product_cat":[212],"product_tag":[],"class_list":{"0":"post-2629","1":"product","2":"type-product","3":"status-publish","4":"has-post-thumbnail","6":"product_cat-escritorio","8":"first","9":"outofstock","10":"shipping-taxable","11":"product-type-variable"},"aioseo_notices":[],"_links":{"self":[{"href":"https:\/\/norteembalagens.com.br\/peixoto\/wp-json\/wp\/v2\/product\/2629","targetHints":{"allow":["GET"]}}],"collection":[{"href":"https:\/\/norteembalagens.com.br\/peixoto\/wp-json\/wp\/v2\/product"}],"about":[{"href":"https:\/\/norteembalagens.com.br\/peixoto\/wp-json\/wp\/v2\/types\/product"}],"replies":[{"embeddable":true,"href":"https:\/\/norteembalagens.com.br\/peixoto\/wp-json\/wp\/v2\/comments?post=2629"}],"wp:featuredmedia":[{"embeddable":true,"href":"https:\/\/norteembalagens.com.br\/peixoto\/wp-json\/wp\/v2\/media\/2630"}],"wp:attachment":[{"href":"https:\/\/norteembalagens.com.br\/peixoto\/wp-json\/wp\/v2\/media?parent=2629"}],"wp:term":[{"taxonomy":"product_cat","embeddable":true,"href":"https:\/\/norteembalagens.com.br\/peixoto\/wp-json\/wp\/v2\/product_cat?post=2629"},{"taxonomy":"product_tag","embeddable":true,"href":"https:\/\/norteembalagens.com.br\/peixoto\/wp-json\/wp\/v2\/product_tag?post=2629"}],"curies":[{"name":"wp","href":"https:\/\/api.w.org\/{rel}","templated":true}]}}