{"id":2553,"date":"2024-06-23T01:25:03","date_gmt":"2024-06-23T01:25:03","guid":{"rendered":"https:\/\/norteembalagens.com.br\/peixoto\/?post_type=product&#038;p=2553"},"modified":"2024-07-13T14:56:39","modified_gmt":"2024-07-13T14:56:39","slug":"calculadora-big-12-digitos","status":"publish","type":"product","link":"https:\/\/norteembalagens.com.br\/peixoto\/produto\/calculadora-big-12-digitos\/","title":{"rendered":"CALCULADORA BIG 12 DIGITOS"},"content":{"rendered":"<div class=\"descricao\">\n<p>Calculadora Big LYKE com 12 d\u00edgitos, com as fun\u00e7\u00f5es de percentual e de apagar. Teclas grandes, ideal para ser usada no dia a dia. Tamanho: 201 x 156 x 37 mm.<\/p>\n<\/div>\n<div id=\"comments\">\n<div class=\"panel panel-gradient\">\n<div class=\"panel-heading\"><\/div>\n<\/div>\n<\/div>\n","protected":false},"excerpt":{"rendered":"<div class=\"descricao\">\n<p>Calculadora Big LYKE com 12 d\u00edgitos, com as fun\u00e7\u00f5es de percentual e de apagar. Teclas grandes, ideal para ser usada no dia a dia. Tamanho: 201 x 156 x 37 mm.<\/p>\n<\/div>\n<div id=\"comments\">\n<div class=\"panel panel-gradient\">\n<div class=\"panel-heading\"><\/div>\n<\/div>\n<\/div>\n","protected":false},"featured_media":2554,"comment_status":"open","ping_status":"closed","template":"","meta":{"inline_featured_image":false,"_monsterinsights_skip_tracking":false,"_monsterinsights_sitenote_active":false,"_monsterinsights_sitenote_note":"","_monsterinsights_sitenote_category":0},"product_cat":[212],"product_tag":[],"class_list":{"0":"post-2553","1":"product","2":"type-product","3":"status-publish","4":"has-post-thumbnail","6":"product_cat-escritorio","8":"first","9":"outofstock","10":"shipping-taxable","11":"product-type-variable"},"aioseo_notices":[],"_links":{"self":[{"href":"https:\/\/norteembalagens.com.br\/peixoto\/wp-json\/wp\/v2\/product\/2553","targetHints":{"allow":["GET"]}}],"collection":[{"href":"https:\/\/norteembalagens.com.br\/peixoto\/wp-json\/wp\/v2\/product"}],"about":[{"href":"https:\/\/norteembalagens.com.br\/peixoto\/wp-json\/wp\/v2\/types\/product"}],"replies":[{"embeddable":true,"href":"https:\/\/norteembalagens.com.br\/peixoto\/wp-json\/wp\/v2\/comments?post=2553"}],"wp:featuredmedia":[{"embeddable":true,"href":"https:\/\/norteembalagens.com.br\/peixoto\/wp-json\/wp\/v2\/media\/2554"}],"wp:attachment":[{"href":"https:\/\/norteembalagens.com.br\/peixoto\/wp-json\/wp\/v2\/media?parent=2553"}],"wp:term":[{"taxonomy":"product_cat","embeddable":true,"href":"https:\/\/norteembalagens.com.br\/peixoto\/wp-json\/wp\/v2\/product_cat?post=2553"},{"taxonomy":"product_tag","embeddable":true,"href":"https:\/\/norteembalagens.com.br\/peixoto\/wp-json\/wp\/v2\/product_tag?post=2553"}],"curies":[{"name":"wp","href":"https:\/\/api.w.org\/{rel}","templated":true}]}}