{"id":2546,"date":"2024-06-23T01:16:12","date_gmt":"2024-06-23T01:16:12","guid":{"rendered":"https:\/\/norteembalagens.com.br\/peixoto\/?post_type=product&#038;p=2546"},"modified":"2024-07-13T14:56:52","modified_gmt":"2024-07-13T14:56:52","slug":"estilete-metalico-blister-profissional","status":"publish","type":"product","link":"https:\/\/norteembalagens.com.br\/peixoto\/produto\/estilete-metalico-blister-profissional\/","title":{"rendered":"Estilete Met\u00e1lico (Blister) Profissional"},"content":{"rendered":"<p>Embalagem: Blister com 1 unidade<\/p>\n<p>Composi\u00e7\u00e3o:\u00a0aluminio.<\/p>\n<p>C\u00f3digo de venda:\u00a07898520012336<\/p>\n<p>M\u00faltiplo de venda:\u00a012 blisters<\/p>\n<p>Caixa master:\u00a0120 blisters<\/p>\n","protected":false},"excerpt":{"rendered":"<p>Estilete met\u00e1lico profissional de \u00f3tima qualidade. Util para cortar superf\u00edcies como corti\u00e7a, pl\u00e1stico, papel, borracha, papel\u00e3o, couro,\u00a0 etc.<\/p>\n<p>&#8211; Possui sistema de trava que evita a retra\u00e7\u00e3o da lamina, proporcionado assim um corte mais preciso.<\/p>\n","protected":false},"featured_media":2547,"comment_status":"closed","ping_status":"closed","template":"","meta":{"inline_featured_image":false,"_monsterinsights_skip_tracking":false,"_monsterinsights_sitenote_active":false,"_monsterinsights_sitenote_note":"","_monsterinsights_sitenote_category":0},"product_cat":[212],"product_tag":[],"class_list":{"0":"post-2546","1":"product","2":"type-product","3":"status-publish","4":"has-post-thumbnail","6":"product_cat-escritorio","8":"first","9":"outofstock","10":"shipping-taxable","11":"product-type-variable"},"aioseo_notices":[],"_links":{"self":[{"href":"https:\/\/norteembalagens.com.br\/peixoto\/wp-json\/wp\/v2\/product\/2546","targetHints":{"allow":["GET"]}}],"collection":[{"href":"https:\/\/norteembalagens.com.br\/peixoto\/wp-json\/wp\/v2\/product"}],"about":[{"href":"https:\/\/norteembalagens.com.br\/peixoto\/wp-json\/wp\/v2\/types\/product"}],"replies":[{"embeddable":true,"href":"https:\/\/norteembalagens.com.br\/peixoto\/wp-json\/wp\/v2\/comments?post=2546"}],"wp:featuredmedia":[{"embeddable":true,"href":"https:\/\/norteembalagens.com.br\/peixoto\/wp-json\/wp\/v2\/media\/2547"}],"wp:attachment":[{"href":"https:\/\/norteembalagens.com.br\/peixoto\/wp-json\/wp\/v2\/media?parent=2546"}],"wp:term":[{"taxonomy":"product_cat","embeddable":true,"href":"https:\/\/norteembalagens.com.br\/peixoto\/wp-json\/wp\/v2\/product_cat?post=2546"},{"taxonomy":"product_tag","embeddable":true,"href":"https:\/\/norteembalagens.com.br\/peixoto\/wp-json\/wp\/v2\/product_tag?post=2546"}],"curies":[{"name":"wp","href":"https:\/\/api.w.org\/{rel}","templated":true}]}}