{"id":2517,"date":"2024-06-23T00:22:23","date_gmt":"2024-06-23T00:22:23","guid":{"rendered":"https:\/\/norteembalagens.com.br\/peixoto\/?post_type=product&#038;p=2517"},"modified":"2024-07-13T14:57:05","modified_gmt":"2024-07-13T14:57:05","slug":"suporte-para-fita-adesiva-grande","status":"publish","type":"product","link":"https:\/\/norteembalagens.com.br\/peixoto\/produto\/suporte-para-fita-adesiva-grande\/","title":{"rendered":"SUPORTE PARA FITA ADESIVA GRANDE"},"content":{"rendered":"<p>&#8211; Base anti-derrapante<br \/>\n&#8211; Dimens\u00f5es: 16,4cm x 10,4cm x 7,2 cm<br \/>\n&#8211; L\u00e2mina em a\u00e7o inox para corte especial de propileno<\/p>\n","protected":false},"excerpt":{"rendered":"<p>&#8211; Base anti-derrapante &#8211; Dimens\u00f5es: 16,4cm x 10,4cm x 7,2 cm &#8211; L\u00e2mina em a\u00e7o inox para corte especial de propileno<\/p>\n","protected":false},"featured_media":2518,"comment_status":"open","ping_status":"closed","template":"","meta":{"inline_featured_image":false,"_monsterinsights_skip_tracking":false,"_monsterinsights_sitenote_active":false,"_monsterinsights_sitenote_note":"","_monsterinsights_sitenote_category":0},"product_cat":[212],"product_tag":[],"class_list":{"0":"post-2517","1":"product","2":"type-product","3":"status-publish","4":"has-post-thumbnail","6":"product_cat-escritorio","8":"first","9":"outofstock","10":"shipping-taxable","11":"product-type-variable"},"aioseo_notices":[],"_links":{"self":[{"href":"https:\/\/norteembalagens.com.br\/peixoto\/wp-json\/wp\/v2\/product\/2517","targetHints":{"allow":["GET"]}}],"collection":[{"href":"https:\/\/norteembalagens.com.br\/peixoto\/wp-json\/wp\/v2\/product"}],"about":[{"href":"https:\/\/norteembalagens.com.br\/peixoto\/wp-json\/wp\/v2\/types\/product"}],"replies":[{"embeddable":true,"href":"https:\/\/norteembalagens.com.br\/peixoto\/wp-json\/wp\/v2\/comments?post=2517"}],"wp:featuredmedia":[{"embeddable":true,"href":"https:\/\/norteembalagens.com.br\/peixoto\/wp-json\/wp\/v2\/media\/2518"}],"wp:attachment":[{"href":"https:\/\/norteembalagens.com.br\/peixoto\/wp-json\/wp\/v2\/media?parent=2517"}],"wp:term":[{"taxonomy":"product_cat","embeddable":true,"href":"https:\/\/norteembalagens.com.br\/peixoto\/wp-json\/wp\/v2\/product_cat?post=2517"},{"taxonomy":"product_tag","embeddable":true,"href":"https:\/\/norteembalagens.com.br\/peixoto\/wp-json\/wp\/v2\/product_tag?post=2517"}],"curies":[{"name":"wp","href":"https:\/\/api.w.org\/{rel}","templated":true}]}}