{"id":2474,"date":"2024-06-12T20:58:15","date_gmt":"2024-06-12T20:58:15","guid":{"rendered":"https:\/\/norteembalagens.com.br\/peixoto\/?post_type=product&#038;p=2474"},"modified":"2024-07-13T14:57:09","modified_gmt":"2024-07-13T14:57:09","slug":"pistola-de-cola-quente-pq-lyke-10w-bivolt","status":"publish","type":"product","link":"https:\/\/norteembalagens.com.br\/peixoto\/produto\/pistola-de-cola-quente-pq-lyke-10w-bivolt\/","title":{"rendered":"PISTOLA DE COLA QUENTE PQ LYKE 10W BIVOLT"},"content":{"rendered":"<p>Embalagem:\u00a0Blister com 1 unidade.<\/p>\n<p>Composi\u00e7\u00e3o: pl\u00e1stico; ponta de metal<\/p>\n<p>C\u00f3digo de venda: 7898520011346<\/p>\n<p>M\u00faltiplo de venda: 36 blisters.<\/p>\n<p>Caixa master: 72 blisters<\/p>\n","protected":false},"excerpt":{"rendered":"<p>Pistola para cola quente de 10W\u00a0 com 2 bast\u00f5es de cola (7x70mm), com ponta de isolante t\u00e9rmico que diminui o risco de queimadura.<\/p>\n<p>Produto de alta qualidade, com secagem em 60 segundos. Ideal para papel, pl\u00e1stico, madeira, cer\u00e2mica e alguns metais.<\/p>\n","protected":false},"featured_media":2524,"comment_status":"open","ping_status":"closed","template":"","meta":{"inline_featured_image":false,"_monsterinsights_skip_tracking":false,"_monsterinsights_sitenote_active":false,"_monsterinsights_sitenote_note":"","_monsterinsights_sitenote_category":0},"product_cat":[211],"product_tag":[],"class_list":{"0":"post-2474","1":"product","2":"type-product","3":"status-publish","4":"has-post-thumbnail","6":"product_cat-utilidades","8":"first","9":"outofstock","10":"shipping-taxable","11":"purchasable","12":"product-type-variable"},"aioseo_notices":[],"_links":{"self":[{"href":"https:\/\/norteembalagens.com.br\/peixoto\/wp-json\/wp\/v2\/product\/2474","targetHints":{"allow":["GET"]}}],"collection":[{"href":"https:\/\/norteembalagens.com.br\/peixoto\/wp-json\/wp\/v2\/product"}],"about":[{"href":"https:\/\/norteembalagens.com.br\/peixoto\/wp-json\/wp\/v2\/types\/product"}],"replies":[{"embeddable":true,"href":"https:\/\/norteembalagens.com.br\/peixoto\/wp-json\/wp\/v2\/comments?post=2474"}],"wp:featuredmedia":[{"embeddable":true,"href":"https:\/\/norteembalagens.com.br\/peixoto\/wp-json\/wp\/v2\/media\/2524"}],"wp:attachment":[{"href":"https:\/\/norteembalagens.com.br\/peixoto\/wp-json\/wp\/v2\/media?parent=2474"}],"wp:term":[{"taxonomy":"product_cat","embeddable":true,"href":"https:\/\/norteembalagens.com.br\/peixoto\/wp-json\/wp\/v2\/product_cat?post=2474"},{"taxonomy":"product_tag","embeddable":true,"href":"https:\/\/norteembalagens.com.br\/peixoto\/wp-json\/wp\/v2\/product_tag?post=2474"}],"curies":[{"name":"wp","href":"https:\/\/api.w.org\/{rel}","templated":true}]}}